Is 283159 a multiple of 4?
False
Does 127 divide 150048?
False
Is 294 a factor of 2324070?
True
Does 54 divide 1662514?
False
Does 107 divide 345918?
False
Is 582534 a multiple of 514?
False
Does 21 divide 8400?
True
Is 33 a factor of 11238150?
True
Does 122 divide 3665695?
False
Is 165933 a multiple of 2?
False
Is 3 a factor of 14899?
False
Is 34 a factor of 5286422?
True
Does 76 divide 3413540?
True
Does 4 divide 999636?
True
Is 402456 a multiple of 24?
True
Is 77584 a multiple of 32?
False
Does 418 divide 6323844?
False
Does 879 divide 27948684?
True
Is 8 a factor of 84772?
False
Is 1387978 a multiple of 29?
False
Is 24156 a multiple of 4?
True
Does 87 divide 615731?
False
Does 385 divide 303380?
True
Is 330529 a multiple of 14?
False
Is 49 a factor of 445214?
True
Is 689 a factor of 5503879?
False
Is 106 a factor of 13250212?
True
Does 85 divide 52954?
False
Is 138710 a multiple of 97?
True
Does 20 divide 859980?
True
Is 33950 a multiple of 5?
True
Is 19 a factor of 50388?
True
Is 378351 a multiple of 6?
False
Is 122598 a multiple of 95?
False
Is 1090685 a multiple of 7?
False
Does 216 divide 1023840?
True
Is 10 a factor of 1855919?
False
Is 3 a factor of 21197?
False
Is 99135 a multiple of 97?
False
Does 26 divide 407186?
True
Does 3 divide 843468?
True
Is 190 a factor of 787154?
False
Is 212406 a multiple of 69?
False
Is 457560 a multiple of 558?
True
Is 2 a factor of 28079?
False
Does 5 divide 1680?
True
Is 11865756 a multiple of 116?
True
Is 2047734 a multiple of 234?
True
Is 4537380 a multiple of 730?
False
Is 320642 a multiple of 194?
False
Does 12 divide 66571?
False
Is 98302 a multiple of 19?
False
Is 278 a factor of 1161206?
True
Does 25 divide 421300?
True
Is 47639 a multiple of 37?
False
Does 867 divide 41616?
True
Is 7 a factor of 40813?
False
Does 38 divide 168036?
True
Does 23 divide 7221166?
False
Is 992808 a multiple of 72?
True
Is 5 a factor of 309775?
True
Is 230265 a multiple of 119?
True
Does 40 divide 178480?
True
Is 4 a factor of 56030?
False
Is 4 a factor of 43100?
True
Does 15 divide 17168984?
False
Is 18 a factor of 1986066?
True
Is 26 a factor of 8022872?
True
Is 22 a factor of 20581946?
True
Is 72108 a multiple of 274?
False
Is 19 a factor of 247655?
False
Is 1615904 a multiple of 5?
False
Does 370 divide 607910?
True
Is 275 a factor of 2777500?
True
Does 17 divide 976351?
False
Does 119 divide 43078?
True
Is 41 a factor of 85290?
False
Is 109269 a multiple of 71?
True
Is 722078 a multiple of 120?
False
Is 7088774 a multiple of 13?
False
Is 227 a factor of 24684?
False
Does 19 divide 83144?
True
Is 554096 a multiple of 2?
True
Is 2598234 a multiple of 687?
True
Is 63670 a multiple of 3?
False
Does 162 divide 178848?
True
Is 130 a factor of 3783920?
False
Is 306793 a multiple of 74?
False
Does 17 divide 4594?
False
Does 466 divide 3656702?
True
Is 102 a factor of 11307210?
True
Is 45 a factor of 14805?
True
Is 556066 a multiple of 190?
False
Is 2567152 a multiple of 56?
True
Is 247442 a multiple of 307?
True
Does 16 divide 7379?
False
Is 8 a factor of 266794?
False
Is 1573652 a multiple of 228?
False
Is 12378087 a multiple of 24?
False
Is 106806 a multiple of 10?
False
Is 352 a factor of 38245?
False
Does 4 divide 13827?
False
Is 7778728 a multiple of 29?
True
Is 295282 a multiple of 384?
False
Does 174 divide 172434?
True
Is 26275565 a multiple of 21?
False
Is 145 a factor of 698175?
True
Is 1060820 a multiple of 580?
True
Does 29 divide 409433?
False
Is 3099840 a multiple of 31?
False
Is 10 a factor of 1269528?
False
Does 3 divide 29888?
False
Is 48048 a multiple of 462?
True
Does 48 divide 2095296?
True
Is 482 a factor of 1928?
True
Is 1037806 a multiple of 586?
True
Is 634 a factor of 3569865?
False
Is 291156 a multiple of 7?
False
Is 29 a factor of 693999?
True
Does 1016 divide 22841712?
True
Is 2454689 a multiple of 177?
False
Is 42 a factor of 1662192?
True
Does 65 divide 13065?
True
Is 2514120 a multiple of 23?
False
Is 388 a factor of 326869?
False
Is 1123144 a multiple of 249?
False
Is 1896658 a multiple of 106?
True
Does 70 divide 1547307?
False
Does 10 divide 2781000?
True
Does 16 divide 448411?
False
Is 992090 a multiple of 55?
True
Is 2824772 a multiple of 1230?
False
Is 197400 a multiple of 12?
True
Does 4 divide 1114264?
True
Is 31 a factor of 447764?
True
Does 612 divide 303975?
False
Is 46 a factor of 924968?
True
Is 238 a factor of 177304?
False
Does 64 divide 168257?
False
Does 339 divide 2888349?
False
Is 91 a factor of 301125?
False
Does 561 divide 281636?
False
Is 52 a factor of 59993?
False
Is 48079 a multiple of 30?
False
Is 172 a factor of 257484?
True
Does 599 divide 128785?
True
Does 482 divide 470432?
True
Is 62403 a multiple of 31?
True
Does 16 divide 6176681?
False
Is 126683 a multiple of 48?
False
Is 1100465 a multiple of 20?
False
Does 113 divide 197246?
False
Is 12 a factor of 28978020?
True
Is 2576566 a multiple of 457?
True
Is 17 a factor of 28305?
True
Does 4 divide 15500?
True
Is 135548 a multiple of 28?
True
Is 246 a factor of 1476?
True
Is 4173450 a multiple of 293?
False
Does 517 divide 4462635?
False
Is 695936 a multiple of 612?
False
Is 6 a factor of 39576?
True
Is 6 a factor of 202225?
False
Is 148988 a multiple of 7?
True
Does 10 divide 225497?
False
Is 257796 a multiple of 108?
True
Does 134 divide 31758?
True
Is 13 a factor of 98267?
True
Does 6 divide 38012?
False
Is 124 a factor of 351912?
True
Is 539183 a multiple of 711?
False
Is 48516 a multiple of 156?
True
Does 98 divide 7888216?
True
Does 92 divide 79212?
True
Does 348 divide 14446062?
False
Is 13 a factor of 41852?
False
Does 161 divide 630637?
True
Is 109999 a multiple of 191?
False
Is 6 a factor of 24595?
False
Is 31 a factor of 389605?
False
Is 271429 a multiple of 136?
False
Is 50 a factor of 553574?
False
Is 75864 a multiple of 348?
True
Is 3268 a multiple of 19?
True
Does 44 divide 105732?
True
Does 29 divide 1799186?
False
Does 48 divide 26160129?
False
Is 199481 a multiple of 19?
True
Is 32 a factor of 638298?
False
Is 2871300 a multiple of 51?
True
Is 368 a factor of 1069594?
False
Does 243 divide 43321?
False
Is 827 a factor of 3173457?
False
Is 17 a factor of 3094255?
True
Does 23 divide 65665?
True
Is 1018 a factor of 2239585?
False
Does 18 divide 274512?
False
Is 266 a factor of 198436?
True
Does 793 divide 335404?
False
Is 1375528 a multiple of 308?
True
Is 9 a factor of 302406?
False
Is 6 a factor of 1326465?
False
Does 208 divide 158914?
False
Is 411 a factor of 1548237?
True
Is 125 a factor of 47500?
True
Is 587854 a multiple of 346?
True
Does 37 divide 76627?
True
Does 237 divide 98592?
True
Is 51917 a multiple of 83?
False
Does 32 divide 200288?
True
Does 142 divide 118854?
True
Does 54 divide 9987?
False
Does 1892 divide 29237383?
False
Is 72 a factor of 53417?
False
Is 159 a factor of 2038539?
True
Is 108 a factor of 693684?
True
Does 107 divide 277988?
False
Does 27 divide 5754?
False
Does 1948 divide 12613300?
True
Does 21 divide 69447?
True
Does 2214 divide 13593960?
True
Is 5 a factor of 12416?
False
Is 3103575 a multiple of 5?
True
Is 918150 a multiple of 80?
False
Does 358 divide 138561?
False
Is 814450 a multiple of 7?
True
Is 11069421 a multiple of 944?
False
Does 49 divide 99274?
True
Does 19 divide 626791?
True
Is 19 a factor of 2255376?
True
Is 585 a factor of 40551?
False
Is 165456 a multiple of 216?
True
Is 522512 a multiple of 578?
True
Is 222686 a multiple of 390?
False
Does 17 divide 362695?
True
Is 1096448 a multiple of 8?
True
Is 15 a factor of 165844?
False
Is 15 a factor of 885246?
False
Is 312 a factor of 1242384?
True
Is 227 a factor of 360249?
True
Is 22804460 a multiple of 802?
False
Does 686 divide 179046?
True
Does 52 divide 122368?
False
Does 339 divide 232554?
True
Is 2 a factor of 132142?
True
Does 32 divide 1525152?
True
Does 1092 divide 1983995?
False
Does 29 divide 10503982?
False
Is 1846395 a multiple of 20?
False
Does 536 divide 12866680?
True
Is 90 a factor of 6687?
False
Is 8178785 a multiple of 558?
False
Does 263 divide 7216720?
True
Does 137 divide 87143?
False
Is 269552 a multiple of 4?
True
Does 13 divide 1714962?
False
Is 20 a factor of 592960?
True
Does 396 divide 143388?
False
Is 9 a factor of 45665?
False
Is 72 a factor of 371304?
True
Is 